*a - 12. What is the remainder when 30 is divided by b?
14
Suppose 391 = 8*a + 127. Calculate the remainder when (-294)/(-9) + (-22)/a is divided by 12.
8
Suppose -41*r + 38*r + 1656 = 3*q, -r = -q - 560. What is the remainder when r is divided by 269?
18
Let d(h) = -3*h - 7. Suppose -5*z + 6*z - 5*o + 30 = 0, -5*z - 123 = 2*o. What is the remainder when d(z) is divided by 35?
33
Suppose -3*f = -u + 3, 5*f - 4*u + 14 - 2 = 0. Let c be (f + -2 - 1) + 3. Let o = c + 6. Calculate the remainder when o is divided by 3.
0
What is the remainder when 155 is divided by (580/28 - 5) + 4/14?
11
Suppose 5*w = -4*t + 46 + 9, -31 = -2*t + w. What is the remainder when ((-110)/t)/((-2)/3) is divided by 8?
3
Suppose -3*k - 362 = -5*q + 90, 4*k - 95 = -q. What is the remainder when 177 is divided by q?
86
Suppose 2*c + 3*h = 34 + 55, 0 = -4*c - 4*h + 180. Suppose 2*i + 25 - 113 = 2*d, -i = -2*d - c. What is the remainder when i is divided by 11?
9
Let z(h) = 2*h**2 + 19*h + 10. Let v be z(-9). What is the remainder when (v + 2 + -22)*-2 is divided by 21?
17
Let f = 14 - 6. Suppose f*b = 4*b + 60. Calculate the remainder when ((-116)/(-6))/(2/3) is divided by b.
14
Suppose 0 = -r - 2*c + 10, -4*r = 2*c - 60 + 2. Calculate the remainder when r is divided by 9.
7
Suppose 29*z - 21 = 26*z. Calculate the remainder when 53 is divided by z.
4
Suppose -355 = -9*x + 68. Calculate the remainder when x is divided by 30.
17
Suppose 8*l + 68 - 364 = 0. Suppose c = -5*u - c + 720, 0 = -5*u + c + 735. What is the remainder when u is divided by l?
35
Suppose 5*b - 4*o = o + 155, -3*o = 15. Let a = -11 + b. What is the remainder when 28 is divided by a?
13
Let h = -586 - -603. What is the remainder when 79 is divided by h?
11
Let w = 56 + -37. Let t = 208 + -143. Calculate the remainder when t is divided by w.
8
Suppose 3*g + 168 = 3*t, t - 256 = -4*t - g. Suppose -4*x + t = -20. What is the remainder when 71 is divided by x?
17
Suppose 21*q + 0*q = 1995. What is the remainder when q is divided by 32?
31
Suppose 0 = 2*l + 2, 4*l + 237 + 271 = 3*k. What is the remainder when k is divided by 57?
54
Let j(r) = 4*r**2 - 93*r + 21. What is the remainder when j(27) is divided by 33?
30
What is the remainder when 162 is divided by (-8 - -1)/(2*1/(-6))?
15
Let h(t) = -2*t**2 + 12*t - 3. Let w be h(5). Suppose 73 = -w*r + 409. Calculate the remainder when 142 is divided by r.
46
Let q = -22 - -32. Suppose 6 - 16 = -2*t. Let c = q - t. Calculate the remainder when 14 is divided by c.
4
Let u(w) = 15*w - 32. Let d be u(3). Calculate the remainder when 8 is divided by 3*2 - (d - 10).
2
Suppose -6*y = -7*y + 21. Suppose -d - y = 2*d. Let v(p) = -3*p - 3. What is the remainder when 32 is divided by v(d)?
14
Suppose 0 = -6*x + 4*x - 80. Let u be ((-1)/(-2))/(4/x). What is the remainder when (-9 + u)*1/(-2) is divided by 6?
1
Let h(q) = -q**2 + q + 14. Suppose 3*z - b + 0*b + 24 = 0, z - 2*b = -8. Let w be 1/(-3)*(z + 8). Calculate the remainder when h(w) is divided by 8.
6
What is the remainder when (-1029)/(-7) + -9 + 2 is divided by 40?
20
Calculate the remainder when 51 - -46 - (-1 - -13) is divided by 31.
23
Let d(k) = 7*k + 2. Let c be d(-2). Let x be (-2)/(-2) + 20 + -3. Let u = x + c. What is the remainder when 29 is divided by u?
5
Let b(l) = 5*l - 5. Suppose -16*a + 15*a = 4*y - 180, -2*y - 2*a = -84. Calculate the remainder when y is divided by b(6).
21
Let b(r) = 9*r + 3*r**2 + 1 + 1 + 0*r**2 - 4. Let m(j) = 3*j**2 + 9*j - 3. Let k(o) = 3*b(o) - 2*m(o). What is the remainder when k(-6) is divided by 19?
16
Suppose 4*p - 9*p = w - 83, 3*p = 3*w - 321. Suppose s = 32 + w. Suppose -f = -4*j + 108, 4*f - 3*f = -5*j + s. What is the remainder when j is divided by 14?
13
Let q(c) = c**2 - 3*c + 12. Calculate the remainder when 31 is divided by q(0).
7
Let f = 481 + -385. What is the remainder when f is divided by 11?
8
Suppose 4*s - 25 = 35. Let n(p) = -70*p**3 + p**2 + 2*p + 2. What is the remainder when n(-1) is divided by s?
11
Let a = -31 + 46. What is the remainder when 134 is divided by a?
14
Suppose 1 = a, 2*a = -f - f + 98. What is the remainder when 182 is divided by f?
38
Suppose -442 = 18*b - 1198. What is the remainder when 123 is divided by b?
39
Suppose 72 = 35*k - 33*k. Calculate the remainder when 143 is divided by k.
35
Let w = -9 - -13. Suppose -3 = w*z - 4*n + 5, 0 = 3*z - 4*n + 8. Suppose z*m = -4*m + 56. What is the remainder when m is divided by 5?
4
Let n be ((-186)/7)/((-1)/7). Suppose 2*o + n = 3*o. What is the remainder when o is divided by 47?
45
Let s(y) = 2*y**2 + 5*y - 1. Let u = -131 - -171. What is the remainder when u is divided by s(-4)?
7
Let u = 616 + -368. Let m(b) = 2*b**2 - 4*b - 46. What is the remainder when u is divided by m(8)?
48
Let t be (-29 + -1)*(-1 - 0). Let m = -18 + t. Calculate the remainder when m is divided by ((-2)/3*-5)/(12/18).
2
Let c = 9 - 65. Let w = -22 - c. What is the remainder when w is divided by 12?
10
Suppose -13*d - 12312 = -49*d. Calculate the remainder when d is divided by 69.
66
Let m(w) = 55*w + 430. Calculate the remainder when 1099 is divided by m(-6).
99
Let f(g) = 100*g**3 - 3*g**2 + 1. Let q be 1 + 4*1 + (-9 - -5). Calculate the remainder when f(q) is divided by 20.
18
Suppose u + 130 = y + 4*u, -2*u = -y + 110. Calculate the remainder when y is divided by 20.
18
Let i be (36/24)/(1/(-6)). Let u(s) = s**2 + 11*s + 19. What is the remainder when 3/5 + 12/30 is divided by u(i)?
0
Let x(s) = s**3 + 24*s**2 + 45*s + 72. What is the remainder when 206 is divided by x(-22)?
6
Let z be (1 + -1)/(-2 + 0). Suppose 6*k - 11*k - 20 = z. What is the remainder when (-2)/(-1*k/(-50)) is divided by 13?
12
Let s = 82 - 25. Let f(b) = -b**3 + 6*b**2 + 4*b. Calculate the remainder when s is divided by f(6).
9
Let f = 2850 - 2660. What is the remainder when f is divided by 4?
2
Suppose -13 = -2*q + 27. What is the remainder when 63 is divided by q?
3
Calculate the remainder when (62/8)/((-4)/(-16)) is divided by (32/(-6))/(8/(-12)).
7
Suppose l + f = 11, 6 = 2*l - 2*f - 16. What is the remainder when 119 is divided by l?
9
Suppose 7*v = -173 - 58. Suppose 3*m + 2*m = k + 140, 0 = -m - k + 28. Calculate the remainder when (-1743)/v + 6/33 is divided by m.
25
Let m(p) = -p**2 + 12*p - 1. Let a be m(12). Let h be (a - -2) + -9 + 1. Let c = h + 82. What is the remainder when c is divided by 26?
23
Suppose 98*l = 102*l - 136. Suppose 5*m = -4*k + 652, -m + 0*m = 4. Calculate the remainder when k is divided by l.
32
Let f(z) = -19*z**3 + 2*z**2 + 2*z - 1. Calculate the remainder when 34 is divided by f(-1).
16
Let k = -61 - -89. Suppose k = 23*v - 21*v. Calculate the remainder when 52 is divided by v.
10
Let r(u) = -u**3 + 17*u**2 - 27*u + 14. What is the remainder when 409 is divided by r(15)?
55
Let h(y) = -y**3 + 5*y**2 + 3*y - 10. Let o = -36 + 41. What is the remainder when 14 is divided by h(o)?
4
Let a(y) = -3*y**2 - 2*y + 4. Let h be a(-5). Let x = h + 65. Calculate the remainder when x is divided by 1.
0
Let i = -34 - -61. Suppose -4*h + i = -13. Let m(o) = 2*o**2 + 5*o - 6. What is the remainder when m(-5) is divided by h?
9
Suppose 16 = 5*q + 4*p - 4, q = 2*p + 18. Suppose 0 = -5*d - v + 46, 3*v + 8 = v. Suppose -12*k + d*k = -62. Calculate the remainder when k is divided by q.
7
Calculate the remainder when 3 + 1592/20 + (-9)/15 is divided by 22.
16
Let t = -25 - -43. What is the remainder when 3 + -1 + 4/2 - -84 is divided by t?
16
Suppose 156 + 174 = 3*b. What is the remainder when b is divided by 30 - (-16 - (-11 + 2))?
36
Let c = -62 - -90. Suppose 4*h + 4*b + c = 0, 15 = -4*h - 2*b - 9. Let g = h + 10. Calculate the remainder when 19 is divided by g.
4
Let c be 16/40 + (-1326)/(-10). Suppose -3*q = r - 32, -29 = 5*r + q - c. What is the remainder when 76 + 4*1/4 is divided by r?
17
Suppose -4*q - 3*v = -109, 31*q = 29*q - 5*v + 65. Suppose 14 = 3*z - 13. What is the remainder when q is divided by z?
7
Suppose -197 = -2*t - o - 2*o, -3*o = 3*t - 300. Calculate the remainder when t is divided by 27.
22
What is the remainder when 185 - (0 + 4) - 3 is divided by 12?
10
Suppose -28 = -a + 5*d + 6, 3*d + 66 = 3*a. What is the remainder when 159 is divided by a?
7
Suppose -2*b + 6 = -5*a + 1, -2*b - 4*a = -14. What is th